mon factor of 56 and p.
56
Let g(r) = -11*r - 44. Suppose 25 = -24*b - 95. Let s be g(b). What is the highest common factor of s and 187?
11
Suppose -3*y = 24*y + 27. Let q be (-1 + 83)*y/(-2). What is the greatest common factor of q and 287?
41
Let t be 11440/25 + 14/35. Let i = t - 373. Calculate the greatest common factor of 17 and i.
17
Suppose 0 = 58*p - 60*p - 100. Let h = 346 - p. Let c(a) = 8*a + 4. Let r be c(4). What is the highest common divisor of r and h?
36
Let q(h) = -15*h - 3. Let y be q(-7). Suppose -4*j = 40 - 228. Let l = y - j. What is the highest common factor of 11 and l?
11
Let d(q) = 2*q**2 - 6. Suppose -3 = -j + 10. Suppose j*c + 10 = 15*c. Let r be d(c). Calculate the greatest common divisor of 220 and r.
44
Suppose 3*h + 15*v - 18*v = 38988, 2*v = -6. Calculate the greatest common divisor of h and 122.
61
Suppose 141 = 4*f - t, t - 26 + 31 = 0. Let z(p) = -p**3 + 33*p**2 + 38*p - 99. Let s be z(f). Calculate the highest common divisor of 481 and s.
37
Let h be 4/((5 - (-4 - -7))*1). Suppose -i = h*q - 67, 4*q + 11*i - 135 = 8*i. What is the greatest common factor of 33 and q?
33
Let i = -74 + 128. Let p be 8/(40/455) - 2. Suppose 4 = 2*l, 4*l + p - 277 = -5*v. Calculate the highest common divisor of i and v.
18
Suppose -t - 55 = -209. Let c be 28/(300/(-126) - -3 - (1 + 12)/39). Calculate the highest common divisor of t and c.
14
Let r(b) = -3*b - 7. Let v be r(-13). Suppose -10 = -p + 3*d + 6, -d + v = 5*p. What is the highest common divisor of p and 63?
7
Let a be (-18)/((-126)/(-203)) + 134. Let q be (44/(-6))/((-4)/90). What is the greatest common factor of a and q?
15
Let i = 5589 - 5570. Calculate the highest common divisor of 874 and i.
19
Let n(c) = -19*c + 8. Let y(p) = -p**2 - 1. Let q(j) = -n(j) - 5*y(j). Suppose 4*g + 9 + 11 = 0. Let l be q(g). What is the highest common factor of l and 54?
27
Let z be -4 + (-5 + 6 - -3). Suppose -5*j + z*a + 157 = a, 4*a = -4*j + 116. What is the greatest common factor of j and 4?
4
Suppose -2*p - 23*p - 63 = -34*p. Let f(n) = n + 13. Let c be f(-6). What is the greatest common divisor of c and p?
7
Let d(c) = c**2 + 145*c + 5536. Let a be d(-96). What is the highest common divisor of 2288 and a?
208
Let z = -59 - -64. Let s be 3/z + (-3)/(15/(-17)). Suppose s*n - 10 = 2*t, n = 6*n - t - 17. Calculate the greatest common divisor of 4 and n.
4
Let j(q) = -44*q + q**2 + 23*q**2 + 10 + 30*q - 3*q**2. Let p be j(6). What is the greatest common divisor of 62 and p?
62
Let z(t) = -8*t + 97. Let g be z(7). Suppose -p - 49 = -3*r, -p = 3*r - g - 6. What is the highest common divisor of r and 304?
16
Let q be (-2 - 5/(-3))/((-2)/48). Suppose 1 = -3*b - q. Let n be (b/5)/(5/(-50)). What is the greatest common divisor of n and 30?
6
Suppose -3*t = 114 + 111. Let c be (-2 - 1/(-1))/(25/t). Suppose c*v + 9*v = 156. Calculate the greatest common divisor of 13 and v.
13
Let j(r) = 6*r + 4. Let x be j(2). Suppose -x*b + 17*b = 27. Suppose 5*n + 4*i = 2*n + 336, -5*i + 15 = 0. Calculate the highest common factor of n and b.
27
Suppose -7*h = 3 - 73. Suppose -h = -12*n + 74. What is the highest common divisor of n and 21?
7
Let u = -211 + 229. Let h be u/24*(-3)/(36/(-32)). Calculate the highest common factor of h and 5.
1
Suppose 125444 - 39032 = 38*f. What is the greatest common factor of 6 and f?
6
Suppose 7*f + 17*f - 216 = 0. Let a be 3023/f + (-3)/(-27). Calculate the greatest common divisor of 42 and a.
42
Let o be ((-144)/10)/((-4)/(-20)). Let s(t) = 4*t**3 - 18*t**2 - 24*t - 6. Let h be s(5). Let x = o - h. Calculate the greatest common factor of 44 and x.
4
Let w(y) = y**3 + 11*y**2 - 4*y + 37. Let r be w(-11). Let a be (-3 + r/33)*-22. What is the greatest common divisor of 102 and a?
6
Suppose -1862 = -16*h + 2*h. What is the greatest common factor of 7049 and h?
133
Let y(n) = 38*n - 900. Let a be y(25). Suppose 51 = -4*x - 5*f + 314, 4*f + 339 = 5*x. Let w = x - a. What is the highest common factor of 187 and w?
17
Let w(z) = z + 8. Let x = 54 - 59. Let y be w(x). Suppose p = -8*q + 3*q + 1365, y*p - 273 = -q. Calculate the highest common factor of q and 39.
39
Let f(s) = 35*s**2 - 8*s - 8. Let q(k) = 34*k**2 - 6*k - 7. Let j(x) = -3*f(x) + 4*q(x). Let r be j(-3). Calculate the highest common divisor of 110 and r.
55
Let p(s) = -2*s - 7*s**3 + 61 + 64 + 8*s**3. Let a be p(0). Suppose 5*c - 96 = -2*m + 94, -a = -3*c + m. What is the greatest common divisor of c and 8?
8
Let q = -19 - -21. Suppose 140 = 5*s + j - 80, q*s - 2*j = 100. Let a be (3/(-5))/(2/(-50)). What is the greatest common factor of a and s?
15
Let p be 12481/35 - 2/(-5). Suppose -4*i + 4*j = 8*j - 292, 5*i = 3*j + p. Calculate the highest common factor of 9 and i.
9
Let y(t) = 38*t + 47. Let a be y(3). What is the greatest common divisor of a and 184?
23
Suppose 7*j + 0*j = -2142. Let m = j + 706. What is the highest common factor of 25 and m?
25
Let l = 1923 - 883. Calculate the highest common factor of l and 780.
260
Let r be 1526*((-1128)/84 - -14). Calculate the greatest common divisor of r and 184.
8
Let r be 131 - (24/36)/(2/3). Let m = -73 + r. What is the highest common divisor of m and 57?
57
Suppose 27 + 8 = 5*p. Let l be 8799/315 - 10/(-150). Calculate the highest common divisor of l and p.
7
Suppose 1471*j - 1439*j = 3360. Calculate the highest common factor of 540 and j.
15
Suppose 107*y - 194*y = -95*y + 1408. What is the highest common factor of y and 10956?
44
Suppose 17*v - 18*v + 77 = -3*s, -4*v - 4*s + 308 = 0. Suppose -z = -2*q + z + 2, 0 = -2*z - 2. Let p = q + 7. Calculate the greatest common divisor of p and v.
7
Suppose 2*k + 2*n = 6468, 5*k - 2*n - 9988 = 6182. Calculate the greatest common factor of 33 and k.
33
Let c be 9*(-5 + 0)*-116*16/30. What is the highest common divisor of c and 192?
96
Suppose 5 = 4*x + s, 2*s + 7 = 2*x - 3. Let t be 15/x + (-28)/8. What is the highest common divisor of t and 2?
2
Let k = -224 + 620. Suppose 2*a = h + 186, 6*a = 2*a - 4*h + k. Suppose 5*b - 5 = a. Calculate the highest common divisor of b and 20.
20
Let j(r) = -112*r + 1869. Let q be j(10). What is the greatest common factor of q and 7?
7
Let l be 7 - -6*1176/16. Let j = 528 - l. Suppose -4*n + 7 + 67 = 2*f, 43 = 3*n - f. Calculate the highest common divisor of n and j.
16
Suppose -194*b = 17004 - 48044. What is the greatest common factor of b and 35?
5
Suppose -2633*n = -2611*n - 26818. What is the greatest common divisor of 92 and n?
23
Let h(f) = -f**2 - 80*f - 287. Let n be h(-72). Calculate the highest common factor of n and 34.
17
Let l be (-1)/12 + 8725211/276. Calculate the greatest common factor of l and 101.
101
Suppose 162831 - 55401 = 55*l - 212065. What is the highest common factor of l and 148?
37
Let t(i) = -30*i + 61. Let r be t(2). Let y be (-6 + ((-195)/(-3) - 1))*r. Calculate the greatest common factor of 290 and y.
58
Let c(u) = -u + 12. Let f be c(0). Let m(a) = -2*a**2 - 24*a + 5. Let w be m(-6). Suppose w*l - 4850 - 2542 = 0. What is the greatest common divisor of l and f?
12
Let i(h) = 25*h**2 - 147*h - 4. Let c be i(6). What is the highest common factor of c and 3962?
14
Suppose -180*z + 153*z = -27000. What is the highest common factor of z and 136?
8
Let o = 2742 - 2348. Let f(k) = -7*k**2 + 2*k + 6. Let n be f(6). Let a = o + n. Calculate the greatest common factor of a and 20.
20
Suppose 16*b = -0*b + 2368. Suppose -a + 0*a + 144 = u, u = -3*a + b. Suppose 4 = 2*q, -q = 4*c - 2*q - u. What is the highest common divisor of c and 9?
9
Let k be (-7)/(-16)*-6*(90 - 92)*1516. Calculate the highest common divisor of 63 and k.
21
Let a = -4773 - -4783. Calculate the greatest common divisor of a and 122.
2
Suppose -8 = -7*i + 2*i + 3*c, -c + 24 = 5*i. Suppose 3*f + o = 16, -17*f + 18*f - 22 = 3*o. Calculate the highest common factor of i and f.
1
Suppose -219 = -3*p - 4*h, 2*h = 2*p + h - 146. Suppose 48*g = 167 + p. What is the highest common divisor of 15 and g?
5
Let q = 2007 + -1753. What is the highest common divisor of q and 635?
127
Let i be (-1 - (-846)/(-10))*(-1510)/151. Let s(p) = p**3 - 2*p**2 + 17*p + 7. Let h be s(4). What is the highest common factor of i and h?
107
Suppose -22 = -2*v - 3*g, -7*v + 3*g = -4*v + 12. Let u be ((-5)/2)/(1/(-10)). Let r =